{"id":28,"date":"2022-03-09T12:00:39","date_gmt":"2022-03-09T12:00:39","guid":{"rendered":"http:\/\/www.utn.edu.ec\/fecyt\/carreras\/comunicacion\/?page_id=28"},"modified":"2022-03-09T21:53:46","modified_gmt":"2022-03-09T21:53:46","slug":"historia-de-la-carrera","status":"publish","type":"page","link":"https:\/\/comunicacion.utn.edu.ec\/index.php\/historia-de-la-carrera\/","title":{"rendered":"Historia de la carrera"},"content":{"rendered":"<p style=\"text-align: justify;\">Al ser la comunicaci\u00f3n parte fundamental de la estructura social, la Universidad T\u00e9cnica del Norte, a trav\u00e9s de la Facultad de Educaci\u00f3n, Ciencia y Tecnolog\u00eda (FECYT) apertur\u00f3 la carrera de Comunicaci\u00f3n para el periodo acad\u00e9mico abril \u2013 agosto del a\u00f1o 2018, por resoluci\u00f3n del Consejo de Educaci\u00f3n Superior CES1015- 650321801 emitida el 29 de noviembre del 2017.<\/p>\n<p style=\"text-align: justify;\">El objetivo es formar comunicadores con profundo sentido social, comprometidos con el desarrollo de una comunicaci\u00f3n inclusiva y en todos los entornos de difusi\u00f3n que actualmente forman parte de los proceso comunicacionales, profesionales capaces de desarrollar su actividad profesional tanto en medios tradicionales y digitales, gestionar la comunicaci\u00f3n institucional p\u00fablica y privada o impulsar proyectos comunicacionales o educomunicacionales de car\u00e1cter social o comunitario.<\/p>\n<p style=\"text-align: justify;\">De acuerdo con las nuevas tendencias y marco legal de la Educaci\u00f3n Superior, los \u00faltimos ajustes curriculares aprobados el 21 de octubre de 2020 por el Consejo de Educaci\u00f3n Superior, afianzan la formaci\u00f3n de profesionales que tendr\u00e1n la capacidad de desempe\u00f1arse en diversos campos ocupacionales acorde a las tendencias actuales.<\/p>\n","protected":false},"excerpt":{"rendered":"<p>Al ser la comunicaci\u00f3n parte fundamental de la estructura social, la Universidad T\u00e9cnica del Norte, a trav\u00e9s de la Facultad de Educaci\u00f3n, Ciencia y Tecnolog\u00eda (FECYT) apertur\u00f3 la carrera de Comunicaci\u00f3n para el periodo acad\u00e9mico abril \u2013 agosto del a\u00f1o <a href=\"https:\/\/comunicacion.utn.edu.ec\/index.php\/historia-de-la-carrera\/\" class=\"read-more\">Read More &#8230;<\/a><\/p>\n","protected":false},"author":2,"featured_media":0,"parent":0,"menu_order":0,"comment_status":"closed","ping_status":"closed","template":"","meta":{"footnotes":""},"class_list":["post-28","page","type-page","status-publish","hentry"],"_links":{"self":[{"href":"https:\/\/comunicacion.utn.edu.ec\/index.php\/wp-json\/wp\/v2\/pages\/28","targetHints":{"allow":["GET"]}}],"collection":[{"href":"https:\/\/comunicacion.utn.edu.ec\/index.php\/wp-json\/wp\/v2\/pages"}],"about":[{"href":"https:\/\/comunicacion.utn.edu.ec\/index.php\/wp-json\/wp\/v2\/types\/page"}],"author":[{"embeddable":true,"href":"https:\/\/comunicacion.utn.edu.ec\/index.php\/wp-json\/wp\/v2\/users\/2"}],"replies":[{"embeddable":true,"href":"https:\/\/comunicacion.utn.edu.ec\/index.php\/wp-json\/wp\/v2\/comments?post=28"}],"version-history":[{"count":5,"href":"https:\/\/comunicacion.utn.edu.ec\/index.php\/wp-json\/wp\/v2\/pages\/28\/revisions"}],"predecessor-version":[{"id":222,"href":"https:\/\/comunicacion.utn.edu.ec\/index.php\/wp-json\/wp\/v2\/pages\/28\/revisions\/222"}],"wp:attachment":[{"href":"https:\/\/comunicacion.utn.edu.ec\/index.php\/wp-json\/wp\/v2\/media?parent=28"}],"curies":[{"name":"wp","href":"https:\/\/api.w.org\/{rel}","templated":true}]}}

<p style="text-align: justify;">Al ser la comunicación parte fundamental de la estructura social, la Universidad Técnica del Norte, a través de la Facultad de Educación, Ciencia y Tecnología (FECYT) aperturó la carrera de Comunicación para el periodo académico abril – agosto del año 2018, por resolución del Consejo de Educación Superior CES1015- 650321801 emitida el 29 de noviembre del 2017.</p>
<p style="text-align: justify;">El objetivo es formar comunicadores con profundo sentido social, comprometidos con el desarrollo de una comunicación inclusiva y en todos los entornos de difusión que actualmente forman parte de los proceso comunicacionales, profesionales capaces de desarrollar su actividad profesional tanto en medios tradicionales y digitales, gestionar la comunicación institucional pública y privada o impulsar proyectos comunicacionales o educomunicacionales de carácter social o comunitario.</p>
<p style="text-align: justify;">De acuerdo con las nuevas tendencias y marco legal de la Educación Superior, los últimos ajustes curriculares aprobados el 21 de octubre de 2020 por el Consejo de Educación Superior, afianzan la formación de profesionales que tendrán la capacidad de desempeñarse en diversos campos ocupacionales acorde a las tendencias actuales.</p>

<p>Al ser la comunicación parte fundamental de la estructura social, la Universidad Técnica del Norte, a través de la Facultad de Educación, Ciencia y Tecnología (FECYT) aperturó la carrera de Comunicación para el periodo académico abril – agosto del año <a href="https://comunicacion.utn.edu.ec/index.php/historia-de-la-carrera/" class="read-more">Read More &#8230;</a></p>
