{"id":72,"date":"2022-03-10T12:00:01","date_gmt":"2022-03-10T12:00:01","guid":{"rendered":"http:\/\/www.utn.edu.ec\/fecyt\/carreras\/comunicacion\/?page_id=72"},"modified":"2022-03-10T17:10:10","modified_gmt":"2022-03-10T17:10:10","slug":"proyectos-de-investigacion","status":"publish","type":"page","link":"https:\/\/comunicacion.utn.edu.ec\/index.php\/investigacion\/proyectos-de-investigacion\/","title":{"rendered":"Proyectos de investigaci\u00f3n"},"content":{"rendered":"<p style=\"text-align: justify;\">Es el conjunto de actividades coordinadas, interrelacionadas y controladas, que buscan cumplir con objetivos espec\u00edficos de investigaci\u00f3n, innovaci\u00f3n y desarrollo, muy claramente delimitados, con recursos y periodo de tiempo previamente definido, estos pueden ser, cofinanciados por organismos externos o financiados por la Universidad T\u00e9cnica del Norte.<\/p>\n<p style=\"text-align: right;\"><strong><em>Reglamento de investigaci\u00f3n de la Universidad T\u00e9cnica del Norte. Art\u00edculo 30.<\/em><\/strong><\/p>\n<p>&nbsp;<\/p>\n<table>\n<tbody>\n<tr>\n<td style=\"text-align: center;\">\n<h4><span style=\"color: #808080;\"><strong>PERIODO<\/strong><\/span><\/h4>\n<\/td>\n<td style=\"text-align: center;\">\n<h4><span style=\"color: #808080;\"><strong>PROYECTO<\/strong><\/span><\/h4>\n<\/td>\n<td style=\"text-align: center;\">\n<h4><span style=\"color: #808080;\"><strong>L\u00cdNEA DE INVESTIGACI\u00d3N<\/strong><\/span><\/h4>\n<\/td>\n<td style=\"text-align: center;\">\n<h4><span style=\"color: #808080;\"><strong>DOCENTE INVESTIGADOR<\/strong><\/span><\/h4>\n<\/td>\n<td style=\"text-align: center;\">\n<h4><span style=\"color: #808080;\"><strong>APOYO<\/strong><\/span><\/h4>\n<\/td>\n<\/tr>\n<tr>\n<td>\n<p style=\"text-align: left;\">Inicio: Marzo 2021<\/p>\n<p style=\"text-align: left;\">Fin: Marzo 2022<\/p>\n<\/td>\n<td style=\"text-align: justify;\">Factores administrativos, comunicacionales y sociales que han incidido en el desarrollo de la gesti\u00f3n empresarial de los microempresarios de alfarer\u00eda de la provincia de Imbabura en el periodo 2020-2021.<\/td>\n<td style=\"text-align: justify;\">Desarrollo social y del comportamiento humano<\/td>\n<td style=\"text-align: left;\">Msc. Consuelo Andrade<\/td>\n<td style=\"text-align: justify;\">Msc. Carolina Hern\u00e1ndez<\/td>\n<\/tr>\n<\/tbody>\n<\/table>\n<p>&nbsp;<\/p>\n","protected":false},"excerpt":{"rendered":"<p>Es el conjunto de actividades coordinadas, interrelacionadas y controladas, que buscan cumplir con objetivos espec\u00edficos de investigaci\u00f3n, innovaci\u00f3n y desarrollo, muy claramente delimitados, con recursos y periodo de tiempo previamente definido, estos pueden ser, cofinanciados por organismos externos o financiados <a href=\"https:\/\/comunicacion.utn.edu.ec\/index.php\/investigacion\/proyectos-de-investigacion\/\" class=\"read-more\">Read More &#8230;<\/a><\/p>\n","protected":false},"author":2,"featured_media":0,"parent":18,"menu_order":0,"comment_status":"closed","ping_status":"closed","template":"","meta":{"footnotes":""},"class_list":["post-72","page","type-page","status-publish","hentry"],"_links":{"self":[{"href":"https:\/\/comunicacion.utn.edu.ec\/index.php\/wp-json\/wp\/v2\/pages\/72","targetHints":{"allow":["GET"]}}],"collection":[{"href":"https:\/\/comunicacion.utn.edu.ec\/index.php\/wp-json\/wp\/v2\/pages"}],"about":[{"href":"https:\/\/comunicacion.utn.edu.ec\/index.php\/wp-json\/wp\/v2\/types\/page"}],"author":[{"embeddable":true,"href":"https:\/\/comunicacion.utn.edu.ec\/index.php\/wp-json\/wp\/v2\/users\/2"}],"replies":[{"embeddable":true,"href":"https:\/\/comunicacion.utn.edu.ec\/index.php\/wp-json\/wp\/v2\/comments?post=72"}],"version-history":[{"count":5,"href":"https:\/\/comunicacion.utn.edu.ec\/index.php\/wp-json\/wp\/v2\/pages\/72\/revisions"}],"predecessor-version":[{"id":257,"href":"https:\/\/comunicacion.utn.edu.ec\/index.php\/wp-json\/wp\/v2\/pages\/72\/revisions\/257"}],"up":[{"embeddable":true,"href":"https:\/\/comunicacion.utn.edu.ec\/index.php\/wp-json\/wp\/v2\/pages\/18"}],"wp:attachment":[{"href":"https:\/\/comunicacion.utn.edu.ec\/index.php\/wp-json\/wp\/v2\/media?parent=72"}],"curies":[{"name":"wp","href":"https:\/\/api.w.org\/{rel}","templated":true}]}}

Proyectos de investigación

<p style="text-align: justify;">Es el conjunto de actividades coordinadas, interrelacionadas y controladas, que buscan cumplir con objetivos específicos de investigación, innovación y desarrollo, muy claramente delimitados, con recursos y periodo de tiempo previamente definido, estos pueden ser, cofinanciados por organismos externos o financiados por la Universidad Técnica del Norte.</p>
<p style="text-align: right;"><strong><em>Reglamento de investigación de la Universidad Técnica del Norte. Artículo 30.</em></strong></p>
<p>&nbsp;</p>
<table>
<tbody>
<tr>
<td style="text-align: center;">
<h4><span style="color: #808080;"><strong>PERIODO</strong></span></h4>
</td>
<td style="text-align: center;">
<h4><span style="color: #808080;"><strong>PROYECTO</strong></span></h4>
</td>
<td style="text-align: center;">
<h4><span style="color: #808080;"><strong>LÍNEA DE INVESTIGACIÓN</strong></span></h4>
</td>
<td style="text-align: center;">
<h4><span style="color: #808080;"><strong>DOCENTE INVESTIGADOR</strong></span></h4>
</td>
<td style="text-align: center;">
<h4><span style="color: #808080;"><strong>APOYO</strong></span></h4>
</td>
</tr>
<tr>
<td>
<p style="text-align: left;">Inicio: Marzo 2021</p>
<p style="text-align: left;">Fin: Marzo 2022</p>
</td>
<td style="text-align: justify;">Factores administrativos, comunicacionales y sociales que han incidido en el desarrollo de la gestión empresarial de los microempresarios de alfarería de la provincia de Imbabura en el periodo 2020-2021.</td>
<td style="text-align: justify;">Desarrollo social y del comportamiento humano</td>
<td style="text-align: left;">Msc. Consuelo Andrade</td>
<td style="text-align: justify;">Msc. Carolina Hernández</td>
</tr>
</tbody>
</table>
<p>&nbsp;</p>

<p>Es el conjunto de actividades coordinadas, interrelacionadas y controladas, que buscan cumplir con objetivos específicos de investigación, innovación y desarrollo, muy claramente delimitados, con recursos y periodo de tiempo previamente definido, estos pueden ser, cofinanciados por organismos externos o financiados <a href="https://comunicacion.utn.edu.ec/index.php/investigacion/proyectos-de-investigacion/" class="read-more">Read More &#8230;</a></p>
